e the greatest common factor of 14 and 828898.
14
What is the highest common divisor of 99339 and 1?
1
Calculate the greatest common divisor of 2496 and 408.
24
What is the greatest common factor of 24745 and 101505?
505
What is the highest common divisor of 4850 and 16900?
50
Calculate the highest common factor of 20 and 329005.
5
What is the highest common factor of 206 and 10?
2
What is the highest common factor of 219168 and 4128?
96
What is the highest common factor of 17092 and 4?
4
Calculate the highest common divisor of 29040 and 396.
132
What is the highest common divisor of 18113540 and 20?
20
What is the greatest common divisor of 5289 and 34358?
41
Calculate the greatest common divisor of 15540 and 315.
105
Calculate the highest common factor of 218602 and 348.
58
Calculate the greatest common divisor of 504 and 52038.
126
Calculate the greatest common factor of 35380 and 1340.
20
What is the highest common divisor of 5301 and 44082?
279
Calculate the greatest common divisor of 63090 and 20.
10
What is the greatest common factor of 4732 and 1222?
26
Calculate the greatest common divisor of 1155 and 91740.
165
What is the highest common factor of 588651 and 21?
21
What is the greatest common divisor of 5989 and 3604?
53
Calculate the highest common divisor of 333 and 612.
9
Calculate the highest common divisor of 297 and 13519.
11
Calculate the greatest common factor of 1992 and 432.
24
What is the greatest common divisor of 262345 and 9607?
739
What is the greatest common divisor of 7840 and 1792?
224
What is the highest common divisor of 66086 and 1384?
346
What is the greatest common divisor of 3360 and 2856?
168
What is the highest common divisor of 348058 and 145?
29
Calculate the highest common divisor of 93587 and 897.
299
Calculate the greatest common divisor of 525 and 97195.
35
Calculate the greatest common factor of 12992 and 71659.
203
What is the highest common factor of 606936 and 38?
38
What is the highest common divisor of 15912 and 39559?
221
What is the greatest common divisor of 190 and 168290?
10
What is the greatest common factor of 147 and 51891?
147
What is the greatest common factor of 118468 and 133?
7
What is the greatest common factor of 636960 and 96?
96
Calculate the greatest common divisor of 783 and 307023.
87
Calculate the highest common divisor of 558 and 43974.
18
Calculate the greatest common divisor of 962000 and 700.
100
What is the highest common factor of 230 and 93155?
5
What is the greatest common divisor of 336 and 45416?
56
Calculate the highest common divisor of 102725 and 2800.
175
What is the highest common divisor of 150 and 17490?
30
Calculate the highest common divisor of 325 and 42835.
65
Calculate the greatest common divisor of 29465 and 332.
83
What is the highest common factor of 72705 and 1110?
555
Calculate the highest common divisor of 10058 and 12198.
214
Calculate the greatest common divisor of 50 and 109850.
50
Calculate the greatest common factor of 19327 and 4769.
251
What is the greatest common divisor of 582097 and 1059?
353
What is the greatest common factor of 3780 and 2380?
140
Calculate the highest common factor of 7560 and 162.
54
Calculate the highest common factor of 2690 and 1038878.
538
What is the greatest common factor of 10992 and 11640?
24
Calculate the highest common factor of 32544 and 336.
48
What is the greatest common factor of 96271 and 34?
17
Calculate the greatest common divisor of 2419 and 15281.
59
What is the greatest common factor of 110 and 52162?
22
What is the greatest common divisor of 233250 and 600?
150
Calculate the greatest common divisor of 2224 and 87632.
16
What is the highest common divisor of 2061 and 28638?
9
Calculate the highest common factor of 630 and 99270.
90
What is the greatest common divisor of 567 and 508074?
21
What is the highest common divisor of 4775608 and 673?
673
Calculate the greatest common divisor of 3262 and 168.
14
Calculate the greatest common divisor of 152905 and 6095.
265
Calculate the highest common divisor of 390 and 1202370.
390
Calculate the highest common divisor of 85509 and 108.
27
Calculate the highest common divisor of 27090 and 6300.
630
Calculate the highest common factor of 504 and 64932.
84
What is the greatest common factor of 185565 and 8277?
267
Calculate the highest common divisor of 387 and 3225.
129
What is the greatest common factor of 259 and 4865?
7
Calculate the highest common factor of 310 and 2500.
10
What is the highest common factor of 46044 and 252?
36
What is the highest common factor of 1022 and 409311?
511
What is the greatest common factor of 19586 and 14?
14
What is the highest common divisor of 549 and 4599?
9
Calculate the greatest common divisor of 3634 and 42642.
46
Calculate the highest common divisor of 35 and 411215.
35
Calculate the greatest common factor of 16393 and 6760.
169
What is the highest common divisor of 3 and 313518?
3
Calculate the greatest common divisor of 1053 and 71721.
117
Calculate the greatest common factor of 44150 and 650.
50
What is the highest common divisor of 205091 and 92?
23
What is the greatest common factor of 762853 and 2121?
707
Calculate the highest common factor of 314864 and 3344.
176
What is the greatest common factor of 10314 and 162?
54
Calculate the highest common factor of 81 and 46278.
27
Calculate the highest common factor of 153028 and 268.
268
What is the greatest common divisor of 6 and 201?
3
What is the highest common divisor of 231 and 137809?
7
Calculate the highest common factor of 1584 and 247896.
792
Calculate the greatest common divisor of 85920 and 20.
20
Calculate the greatest common divisor of 333 and 24525.
9
What is the highest common factor of 443794 and 26?
26
What is the highest common factor of 444 and 59628?
12
What is the highest common factor of 350 and 147650?
50
What is the greatest common factor of 4732 and 2788331?
1183
Calculate the highest common factor of 459 and 22545.
27
Calculate the greatest common factor of 111044 and 1012.
92
Calculate the highest common divisor of 19899 and 38016.
297
Calculate the highest common factor of 191776 and 442.
26
Calculate the greatest common divisor of 7800 and 795.
15
What is the greatest common factor of 190269 and 13851?
729
Calculate the highest common divisor of 64 and 28752.
16
Calculate the greatest common factor of 66 and 38566.
22
Calculate the greatest common divisor of 11 and 98681.
11
Calculate the highest common divisor of 11 and 23673.
1
Calculate the highest common factor of 42 and 963368.
14
Calculate the greatest common divisor of 6474825 and 315.
315
What is the highest common divisor of 6305 and 55?
5
Calculate the greatest common divisor of 283 and 395917.
283
Calculate the highest common factor of 655 and 83709.
131
Calculate the greatest common divisor of 11894 and 114.
38
Calculate the highest common divisor of 717246 and 36.
18
Calculate the greatest common factor of 650 and 1352.
26
Calculate the greatest common divisor of 4814 and 30972.
58
What is the greatest common divisor of 346 and 88?
2
What is the greatest common divisor of 16 and 7062352?
16
Calculate the highest common factor of 1622 and 122.
2
Calculate the greatest common factor of 3 and 15699.
3
Calculate the highest common divisor of 143 and 36153.
13
What is the greatest common divisor of 3950 and 23200?
50
Calculate the highest common factor of 13724 and 27083.
73
What is the highest common divisor of 42881 and 6987?
137
What is the highest common divisor of 990 and 4695?
15
Calculate the highest common divisor of 3193 and 1643.
31
What is the highest common factor of 100 and 477620?
20
Calculate the greatest common divisor of 12 and 27939.
3
What is the highest common divisor of 5255 and 165?
5
Calculate the greatest common divisor of 25 and 25935.
5
Calculate the greatest common divisor of 438 and 90.
6
What is the highest common divisor of 158802 and 76?
38
What is the greatest common divisor of 23735 and 40?
5
What is the highest common factor of 353 and 10943?
353
Calculate the greatest common factor of 744 and 7688.
248
Calculate the highest common factor of 19068 and 217012.
908
Calculate the greatest common divisor of 27335 and 49280.
385
What is the greate